. What is the tens digit of s?
7
What is the hundreds digit of (-9 + 8)/(1/(-2342))?
3
Let b = -156 + 161. Suppose 4*j + 4*z = -0 + 220, 0 = -b*j - 2*z + 287. What is the tens digit of j?
5
Suppose 28*k - 94 = 4*k + 515306. What is the ten thousands digit of k?
2
Let t = 244 + -259. What is the hundreds digit of 1101 + (12 + t)*4/(-6)?
1
Suppose 3512 + 4930 = 18*w. Suppose -2*x + w = -733. What is the hundreds digit of x?
6
Let i = 48 - 41. What is the hundreds digit of (18/15)/(i/1295)?
2
Let m(k) = 4*k - 16. Let l be m(7). Suppose 4*z = 4*x - 12, 4*x + 2*z = 3*x - l. What is the tens digit of (-6)/2*70/x?
0
What is the tens digit of (-8444)/6*(6 + -9)?
2
Suppose -4*i - l + 77418 = -6713, 5*i - 105162 = -3*l. What is the thousands digit of i?
1
Let c be (280/16)/(2/28). Suppose -38 = l - b - 129, 0 = 3*l + 4*b - c. Suppose -3*j + h = -2*h - l, -5*j - 2*h = -152. What is the tens digit of j?
3
Let h(j) be the second derivative of -j**5/10 - 5*j**4/6 - 3*j**3/2 - j**2 + 16*j. What is the units digit of h(-6)?
4
Suppose -3*i = 3*u - 8*i + 119, 3*u + 121 = 4*i. Let p be -3*(-98)/21 + -10. What is the tens digit of (p - (0 - -2))*u/(-1)?
8
Let p(z) = -79*z + 29*z + 25*z + 537 + 27*z - 2*z**2. What is the units digit of p(0)?
7
Suppose -5*x - 9 - 10 = h, -4*h = 2*x + 4. Let t(r) = -67*r - 6. Let o be t(x). Suppose 4*j = 382 + o. What is the hundreds digit of j?
1
Suppose 3*d - 1675 = 40489 - 1067. What is the hundreds digit of d?
6
Let k = -22 - -22. Suppose 28 = -k*o - 2*o. Let h(f) = -f**2 - 19*f + 1. What is the units digit of h(o)?
1
Let h(b) = -2*b**2 - 134*b + 34. What is the tens digit of h(-46)?
6
What is the units digit of 1 + -15413*(-3)/(1 + 2)?
4
What is the tens digit of ((-8)/(-6)*(-814)/(-8))/((-6)/(-18))?
0
Let j be 24/(-60) + 302/5. Suppose -j = 5*d + 490. Let w = d - -256. What is the hundreds digit of w?
1
Let w(u) = -u**3 - 2*u**2 + 4*u + 8. Let a be w(-6). Let v = -23 + a. Suppose v + 141 = 3*l. What is the units digit of l?
2
Suppose 42*s - 64*s = 86*s - 2453652. What is the hundreds digit of s?
7
Suppose 34*n + 101176 = 400580. What is the tens digit of n?
0
What is the thousands digit of 651/(-434)*(2 - 19332)?
8
Let t(w) = 21371*w**2 + 298*w + 298. What is the ten thousands digit of t(-1)?
2
Let v(j) = -j**2 + 11*j - 15. Let w = 14 - 6. Let q be v(w). Let n(b) = b**2 - 4*b + 2. What is the tens digit of n(q)?
4
Let c(g) = 6*g**3 + 2*g**2 + g - 1. Let m be c(-1). Let w be (m - -5) + (-6)/(-3). Let z(s) = 89*s**2 - 4*s + 3. What is the tens digit of z(w)?
8
Suppose -5*j - 8 = 3*y + 3, -y - 1 = j. Suppose -3*x - 2*x + y*l = -18, 4*x - 3*l = 12. Suppose 141 = x*t - 273. What is the tens digit of t?
6
Let g(x) = -x - 5. Let i(w) = 2*w + 7. Let f be i(-7). Let l be g(f). Suppose l*z + 3*z = 3*j - 498, 0 = 4*j - 4*z - 656. What is the tens digit of j?
6
Suppose -2046678 - 1180048 = -132*y + 20210. What is the tens digit of y?
9
Let r be 8/(-6)*(-6)/4. Let a be (-4)/(-18) + (-18 - 3280/(-144)). Suppose -a*m + 31 = -2*g, -m + r*g + 6 = -5. What is the units digit of m?
5
Suppose 3580358 = 107*j + 30*j. What is the thousands digit of j?
6
Let s(a) = 34 + 7*a + 71*a**2 - 7 - 3*a**2 + a. What is the tens digit of s(-4)?
8
Suppose 11262 = 2*q - 5*n - 1258, 2*q + 4*n - 12556 = 0. What is the hundreds digit of q?
2
Suppose -7*m + 55044 = 2*m + 2*m. What is the hundreds digit of m?
0
Let h(t) = 933*t - 5038. What is the ten thousands digit of h(70)?
6
Suppose -36891 = -1892*o + 1891*o + 5*q, 0 = -5*o - 5*q + 184485. What is the ten thousands digit of o?
3
Suppose -183*o - 7*o + 5941310 = -394050. What is the ten thousands digit of o?
3
Let b = 341 + -336. Suppose b*m = 2*y + 5770, -2178 = -2*m + y + 131. What is the units digit of m?
2
Let g(p) = 5*p**3 + 2*p**2 - 7*p - 81. What is the tens digit of g(9)?
6
Let c be -1 + -1 + 0 + 24. Let p(i) = -6*i**2 + 35*i + 690. Let x be p(-10). Let o = c - x. What is the units digit of o?
2
Let w = -31 + 27. Let m(a) = a**3 + 4*a**2 - 4*a - 12. Let k be m(w). Suppose q = -k*p + 377, -5*q + 0*q + 211 = 2*p. What is the units digit of p?
3
Let r(a) = 8*a + 4 - 5*a**3 - a + 6*a**2 - 2*a - 1. Let j(u) = -u**2 - 14*u - 3. Let q be j(-14). What is the tens digit of r(q)?
7
Let c = 4 - 1. Let t(f) = 3*f**2 - f + 29. Let u be t(-11). Suppose c*g - 170 - u = 0. What is the tens digit of g?
9
Suppose 2*k - 550 = 7*k. Let v = -949 - -678. Let x = k - v. What is the tens digit of x?
6
Suppose 129*y + g = 127*y + 7498, -5*g + 3731 = y. What is the units digit of y?
1
Suppose 57 - 267 = 5*x. Suppose -w + 7*g - 38 = 4*g, 6 = -2*g. Let l = x - w. What is the units digit of l?
5
Let m(c) = c**3 - c**2 - c + 212. Let a be m(0). Let u = a - 68. Suppose j + 2*j = -3*y + 234, 0 = -2*j + 4*y + u. What is the tens digit of j?
7
Suppose -6*i = -9*i - 3*g + 3243, 5*g = 4*i - 4288. What is the units digit of (8/(-24))/((-1)/i)?
9
Suppose 0 = 3*k - 3*t - 92337, -13*k + 9*k - t = -123131. What is the ten thousands digit of k?
3
Suppose -5*n + 1089 = -2*l, -n - 14*l = -13*l - 215. Suppose -4*h + n + 603 = 0. What is the tens digit of h?
0
Let g(c) = -976*c**3 - 9*c**2 - 8*c + 5. What is the thousands digit of g(-2)?
7
Let d(i) = i**2 - 2*i - 41. Let o be d(8). Suppose 1195 - 4576 = -o*t. What is the tens digit of t?
8
Let t(h) = 12*h**2 + 17*h - 63. Suppose -3*p - 21 + 33 = 0. What is the units digit of t(p)?
7
Let t = -86 + 87. Let z be (t + -2 - 0)/((-1)/377). Suppose -3*v + 91 + z = 0. What is the units digit of v?
6
Let p(h) = -h + 12. Let s be p(9). Suppose w = -3*z - 2286, -w - z - 2266 = -s*z. What is the tens digit of w/(-14) - 12/(-21)?
6
Let b = 329 + 1906. What is the tens digit of b?
3
Let t(j) = 707*j**2 + 2*j. What is the units digit of t(1)?
9
Let i be -298*(-3 + -3 + 34/(-4)). Let g = -1357 + i. What is the units digit of 8/36 - (g/(-27) + -2)?
2
Suppose -3*r + 404 = r. Suppose -c + 102 = 2*b, 2*c + 3*b = c + r. Suppose -2*y + c = -2. What is the tens digit of y?
5
Let l = 113 - 193. Let h be 0 + (-3)/9 - l/6. Suppose 67 = 14*f - h*f. What is the units digit of f?
7
Let h = 667 + -934. Let o = h + 670. What is the units digit of o?
3
Let d be (-10 + 10)/(1/(-1 + 2)). Let p(b) = b**2 - 4*b + 155. What is the tens digit of p(d)?
5
Let p be -2*11*(-3)/(-6). Let q(u) = -5*u + 4 - 8*u + 4 - u - u**2. What is the units digit of q(p)?
1
Suppose 2 = -4*n + 2*u, n - 6*n - 3*u + 25 = 0. Let h(m) = 8*m**2 + 3*m - 5. Let f be h(n). Suppose -37*l + f*l = -348. What is the tens digit of l?
8
Let k(n) = -811*n - 215. What is the hundreds digit of k(-7)?
4
Let n be ((6 + -9)/6)/((-2)/(-28)). Let z = n + 11. Suppose 307 + 181 = z*y. What is the tens digit of y?
2
Let f be ((-20)/8)/((-8)/944). What is the units digit of 5 + -6*f/(-15)?
3
Suppose 0 = -15*a + 123100 + 69275. Suppose -25*s = a - 37825. What is the units digit of s?
0
Let z(h) = -h**3 + h**2 + 2364. Let o be z(0). Suppose o = 6*d + 816. What is the hundreds digit of d?
2
Let y(n) = -2*n**3 + n**2 - 16*n - 17. Let h be y(-3). Suppose 3*f = v - 592, -2*v - f = h - 1278. What is the units digit of v?
2
Suppose -13*o - 5 = -14*o. Suppose 5*y - h - 2135 = 0, 4*h - 530 + 2680 = o*y. What is the hundreds digit of y?
4
Suppose 3*p - p = -3*o + 27, o = 2*p - 7. Let l = -1 + p. Suppose -4*k + 21 = 2*i - l, -4*k + 43 = 3*i. What is the units digit of i?
7
Suppose 177*q - 172*q - 2595 = 0. What is the hundreds digit of q/2 + 9/18?
2
Suppose 49*c - 879710 = 18530 + 138159. What is the tens digit of c?
5
Let b = -1 + 2. Let z(p) be the third derivative of 9*p**6/20 - p**5/20 + p**4/6 - p**3/3 + 943*p**2. What is the units digit of z(b)?
3
Let m(n) be the second derivative of 7*n**4/2 - 67*n**3/6 - 2*n**2 + 338*n. What is the hundreds digit of m(4)?
4
Let h(l) = -5 + 1 - 5 - 3*l**2 + 6*l - 1 - l**3. What is the tens digit of h(-5)?
1
Suppose -27*v = -100*v + 783363. What is the tens digit of v?
3
What is the units digit of 368/(-3496) - 3614/(-38)?
5
Suppose 3*l + 7*l = -20. Let w(a) = -28*a**2 - 10*a - 2. Let m be w(l). Let c = 72 - m. What is the hundreds digit of c?
1
Let o(x) = -x**3 - x**2 + 3*x + 132. Let z = 40 - 1. Let i = 39 - z. What is the units digit of o(i)?
2
Suppose -4*o + 15 = -3*j, j + 2 = -o + 11. Let p be o/9 + ((-33)/9 - -3). Suppose r - 2*r + 85 = p. What i